{"id":61,"date":"2025-05-29T22:15:14","date_gmt":"2025-05-29T20:15:14","guid":{"rendered":"https:\/\/avirtu.net\/shop\/?post_type=product&#038;p=61"},"modified":"2025-06-04T19:50:02","modified_gmt":"2025-06-04T17:50:02","slug":"vstupenka-muz-od-more","status":"publish","type":"product","link":"https:\/\/avirtu.net\/shop\/produkt\/vstupenka-muz-od-more\/","title":{"rendered":"Vstupenka \u2013 Mu\u017e od mo\u0159e"},"content":{"rendered":"<p><span class=\"selected\">Pono\u0159te se do jedine\u010dn\u00e9ho sv\u011bta v\u00fdstavy &#8222;Mu\u017e od mo\u0159e&#8220; v Kreativu Teletn\u00edk!<\/span><\/p>\n<p><span class=\"selected\">Zakoupen\u00edm t\u00e9to vstupenky z\u00edsk\u00e1te unik\u00e1tn\u00ed p\u0159\u00edstupov\u00fd k\u00f3d, kter\u00fd v\u00e1m otev\u0159e dve\u0159e k mimo\u0159\u00e1dn\u00e9mu um\u011bleck\u00e9mu z\u00e1\u017eitku. Kolektivn\u00ed v\u00fdstava, kur\u00e1torovan\u00e1 Janou P\u00edsa\u0159\u00edkovou, zkoum\u00e1 fascinuj\u00edc\u00ed \u017eivotn\u00ed p\u0159\u00edb\u011bh Adriana &#8222;Chocho&#8220; Sitty \u2013 nom\u00e1da z ran\u00fdch vod internetu, bloggera a neklidn\u00e9ho ducha, jeho\u017e odkaz o\u017e\u00edv\u00e1 skrze d\u00edla sou\u010dasn\u00fdch um\u011blc\u016f, performance, dokument\u00e1rn\u00ed materi\u00e1ly a p\u0159ekvapiv\u00e9 v\u00fdstupy um\u011bl\u00e9 inteligence.<\/span><\/p>\n<p><img loading=\"lazy\" decoding=\"async\" class=\"obrazek-max-sire aligncenter wp-image-127 size-large\" src=\"https:\/\/avirtu.net\/shop\/wp-content\/uploads\/2025\/05\/IMG_20250601_171617-1024x462.jpg\" alt=\"\" width=\"1024\" height=\"462\" srcset=\"https:\/\/avirtu.net\/shop\/wp-content\/uploads\/2025\/05\/IMG_20250601_171617-1024x462.jpg 1024w, https:\/\/avirtu.net\/shop\/wp-content\/uploads\/2025\/05\/IMG_20250601_171617-300x135.jpg 300w, https:\/\/avirtu.net\/shop\/wp-content\/uploads\/2025\/05\/IMG_20250601_171617-768x346.jpg 768w, https:\/\/avirtu.net\/shop\/wp-content\/uploads\/2025\/05\/IMG_20250601_171617-1536x693.jpg 1536w, https:\/\/avirtu.net\/shop\/wp-content\/uploads\/2025\/05\/IMG_20250601_171617-2048x924.jpg 2048w, https:\/\/avirtu.net\/shop\/wp-content\/uploads\/2025\/05\/IMG_20250601_171617-600x271.jpg 600w\" sizes=\"auto, (max-width: 1024px) 100vw, 1024px\" \/><\/p>\n<p><strong><span class=\"selected\">Co v\u00e1s \u010dek\u00e1?<\/span><\/strong><\/p>\n<ul>\n<li><strong><span class=\"selected\">Mozaika p\u0159\u00edb\u011bhu:<\/span><\/strong><span class=\"selected\"> Objevte detektivn\u00ed p\u0159\u00edb\u011bh a vizu\u00e1ln\u00ed esej sestavenou z fragment\u016f \u017eivota, cest a my\u0161lenek.<\/span><\/li>\n<li><strong><span class=\"selected\">Um\u011bn\u00ed a technologie:<\/span><\/strong><span class=\"selected\"> Setkejte se s inovativn\u00edm propojen\u00edm sou\u010dasn\u00e9ho um\u011bn\u00ed a modern\u00edch technologi\u00ed, v\u010detn\u011b AI jako plnohodnotn\u00e9ho autorsk\u00e9ho subjektu v podob\u011b &#8222;Cestovn\u00ed CHOCHO kancel\u00e1\u0159e&#8220;.<\/span><\/li>\n<li><strong><span class=\"selected\">Unik\u00e1tn\u00ed prostory:<\/span><\/strong><span class=\"selected\"> V\u00fdstava se kon\u00e1 v inspirativn\u00edm prost\u0159ed\u00ed b\u00fdval\u00e9ho zem\u011bd\u011blsk\u00e9ho staven\u00ed Kreativum Teletn\u00edk v Run\u00e1\u0159ov\u011b, kde se historie snoub\u00ed s budoucnost\u00ed.<\/span><\/li>\n<li><strong><span class=\"selected\">T\u00e9mata k zamy\u0161len\u00ed:<\/span><\/strong><span class=\"selected\"> Prozkoumejte ot\u00e1zky smyslu cestov\u00e1n\u00ed, k\u0159ehkosti lidsk\u00e9 existence a zp\u016fsob\u016f, jak se vyrovnat s ne\u010dekanou ztr\u00e1tou.<\/span><\/li>\n<li><strong><span class=\"selected\">P\u0159\u00edstupnost 24\/7:<\/span><\/strong><span class=\"selected\"> V\u00fdstavn\u00ed prostor je v\u00e1m d\u00edky elektronick\u00e9mu z\u00e1mku p\u0159\u00edstupn\u00fd <\/span><strong><span class=\"selected\">nonstop \u2013 24 hodin denn\u011b, 7 dn\u00ed v t\u00fddnu<\/span><\/strong><span class=\"selected\">. P\u0159ij\u010fte, kdykoli se v\u00e1m to hod\u00ed!<\/span><\/li>\n<\/ul>\n<p><strong><span class=\"selected\">Sou\u010d\u00e1st\u00ed va\u0161\u00ed n\u00e1v\u0161t\u011bvy (v cen\u011b vstupenky):<\/span><\/strong><\/p>\n<ul>\n<li><strong><span class=\"selected\">Mal\u00e9 ob\u010derstven\u00ed:<\/span><\/strong><span class=\"selected\"> Na m\u00edst\u011b na v\u00e1s bude \u010dekat drobn\u00e9 ob\u010derstven\u00ed. M\u016f\u017eete si uva\u0159it \u010daj nebo k\u00e1vu, d\u00e1t si su\u0161enku a v klidu posed\u011bt.<\/span><\/li>\n<li><strong><span class=\"selected\">Interaktivn\u00ed odpo\u010dinek:<\/span><\/strong><span class=\"selected\"> Zapojte svou kreativitu a postavte si vlastn\u00ed ovci z legend\u00e1rn\u00ed Chochovy stavebnice ovc\u00ed, kter\u00e1 je k dispozici p\u0159\u00edmo ve v\u00fdstavn\u00edch prostor\u00e1ch.<\/span><\/li>\n<li><strong><span class=\"selected\">Prostor pro kontemplaci:<\/span><\/strong><span class=\"selected\"> Vyu\u017eijte unik\u00e1tn\u00ed atmosf\u00e9ru Teletn\u00edku k rozj\u00edm\u00e1n\u00ed a vst\u0159eb\u00e1n\u00ed z\u00e1\u017eitk\u016f z v\u00fdstavy.<\/span><\/li>\n<\/ul>\n<p><strong><span class=\"selected\">Jak to funguje?<\/span><\/strong><span class=\"selected\"> Po zakoupen\u00ed vstupenky obdr\u017e\u00edte e-mailem unik\u00e1tn\u00ed \u010d\u00edseln\u00fd k\u00f3d. Tento k\u00f3d jednodu\u0161e zad\u00e1te do elektronick\u00e9ho z\u00e1mku u vstupu do Kreativa Teletn\u00edk a dve\u0159e se v\u00e1m otev\u0159ou. V\u00e1\u0161 k\u00f3d je platn\u00fd 30 dn\u00ed od okam\u017eiku zakoupen\u00ed a umo\u017e\u0148uje jeden vstup.<\/span><\/p>\n<p><strong><span class=\"selected\">Nenechte si uj\u00edt tuto neoby\u010dejnou v\u00fdstavu, kter\u00e1 p\u0159ekra\u010duje hranice tradi\u010dn\u00edho um\u011bleck\u00e9ho z\u00e1\u017eitku.<\/span><\/strong><\/p>\n<ul>\n<li><strong><span class=\"selected\">Term\u00edn kon\u00e1n\u00ed v\u00fdstavy:<\/span><\/strong><span class=\"selected\"> 31. kv\u011btna \u2013 31. prosince 2025<\/span><\/li>\n<li><strong><span class=\"selected\">M\u00edsto kon\u00e1n\u00ed:<\/span><\/strong><span class=\"selected\"> Kreativum Teletn\u00edk, Run\u00e1\u0159ov (cca 3 km ji\u017en\u011b od Konice)<\/span><\/li>\n<\/ul>\n<p><strong><span class=\"selected\">Pro v\u00edce informac\u00ed o v\u00fdstav\u011b, vystavuj\u00edc\u00edch um\u011blc\u00edch a cel\u00e9m projektu nav\u0161tivte ofici\u00e1ln\u00ed webov\u00e9 str\u00e1nky<\/span><\/strong>\u00a0<a title=\"null\" href=\"https:\/\/muz-od-more.cz\"><strong><span class=\"selected\">www.muz-od-more.cz<\/span><\/strong><\/a>.<\/p>\n<p><span class=\"selected\">T\u011b\u0161\u00edme se na va\u0161i n\u00e1v\u0161t\u011bvu a v\u011b\u0159\u00edme, \u017ee si odnesete siln\u00fd a inspirativn\u00ed z\u00e1\u017eitek!<\/span><\/p>\n","protected":false},"excerpt":{"rendered":"<p><strong>Vstupenka na v\u00fdstavu &#8222;Mu\u017e od mo\u0159e&#8220; pro jednu osobu.<\/strong> K\u00f3d pro vstup v\u00e1m bude zasl\u00e1n e-mailem po zaplacen\u00ed a bude zobrazen na potvrzen\u00ed o platb\u011b. Platnost k\u00f3du je 30 dn\u00ed od zakoupen\u00ed.<\/p>\n","protected":false},"featured_media":81,"template":"","meta":[],"product_brand":[],"product_cat":[16],"product_tag":[],"class_list":{"0":"post-61","1":"product","2":"type-product","3":"status-publish","4":"has-post-thumbnail","6":"product_cat-vstupenky","8":"first","9":"instock","10":"featured","11":"taxable","12":"shipping-taxable","13":"purchasable","14":"product-type-variable","15":"has-default-attributes"},"_links":{"self":[{"href":"https:\/\/avirtu.net\/shop\/wp-json\/wp\/v2\/product\/61","targetHints":{"allow":["GET"]}}],"collection":[{"href":"https:\/\/avirtu.net\/shop\/wp-json\/wp\/v2\/product"}],"about":[{"href":"https:\/\/avirtu.net\/shop\/wp-json\/wp\/v2\/types\/product"}],"wp:featuredmedia":[{"embeddable":true,"href":"https:\/\/avirtu.net\/shop\/wp-json\/wp\/v2\/media\/81"}],"wp:attachment":[{"href":"https:\/\/avirtu.net\/shop\/wp-json\/wp\/v2\/media?parent=61"}],"wp:term":[{"taxonomy":"product_brand","embeddable":true,"href":"https:\/\/avirtu.net\/shop\/wp-json\/wp\/v2\/product_brand?post=61"},{"taxonomy":"product_cat","embeddable":true,"href":"https:\/\/avirtu.net\/shop\/wp-json\/wp\/v2\/product_cat?post=61"},{"taxonomy":"product_tag","embeddable":true,"href":"https:\/\/avirtu.net\/shop\/wp-json\/wp\/v2\/product_tag?post=61"}],"curies":[{"name":"wp","href":"https:\/\/api.w.org\/{rel}","templated":true}]}}